{"version":"1.0","provider_name":"Di\u00e1logo","provider_url":"https:\/\/periodicodialogo.cl\/wp","author_name":"Carolina Astudillo","author_url":"https:\/\/periodicodialogo.cl\/wp\/author\/carolina\/","title":"Edadismo: una discriminaci\u00f3n que a\u00fan no asumimos - Di\u00e1logo","type":"rich","width":600,"height":338,"html":"<blockquote class=\"wp-embedded-content\" data-secret=\"97blFENghh\"><a href=\"https:\/\/periodicodialogo.cl\/wp\/2024\/09\/edadismo-una-discriminacion-que-aun-no-asumimos\/\">Edadismo: una discriminaci\u00f3n que a\u00fan no asumimos<\/a><\/blockquote><iframe sandbox=\"allow-scripts\" security=\"restricted\" src=\"https:\/\/periodicodialogo.cl\/wp\/2024\/09\/edadismo-una-discriminacion-que-aun-no-asumimos\/embed\/#?secret=97blFENghh\" width=\"600\" height=\"338\" title=\"&#8220;Edadismo: una discriminaci\u00f3n que a\u00fan no asumimos&#8221; &#8212; Di\u00e1logo\" data-secret=\"97blFENghh\" frameborder=\"0\" marginwidth=\"0\" marginheight=\"0\" scrolling=\"no\" class=\"wp-embedded-content\"><\/iframe><script>\n\/*! This file is auto-generated *\/\n!function(d,l){\"use strict\";l.querySelector&&d.addEventListener&&\"undefined\"!=typeof URL&&(d.wp=d.wp||{},d.wp.receiveEmbedMessage||(d.wp.receiveEmbedMessage=function(e){var t=e.data;if((t||t.secret||t.message||t.value)&&!\/[^a-zA-Z0-9]\/.test(t.secret)){for(var s,r,n,a=l.querySelectorAll('iframe[data-secret=\"'+t.secret+'\"]'),o=l.querySelectorAll('blockquote[data-secret=\"'+t.secret+'\"]'),c=new RegExp(\"^https?:$\",\"i\"),i=0;i<o.length;i++)o[i].style.display=\"none\";for(i=0;i<a.length;i++)s=a[i],e.source===s.contentWindow&&(s.removeAttribute(\"style\"),\"height\"===t.message?(1e3<(r=parseInt(t.value,10))?r=1e3:~~r<200&&(r=200),s.height=r):\"link\"===t.message&&(r=new URL(s.getAttribute(\"src\")),n=new URL(t.value),c.test(n.protocol))&&n.host===r.host&&l.activeElement===s&&(d.top.location.href=t.value))}},d.addEventListener(\"message\",d.wp.receiveEmbedMessage,!1),l.addEventListener(\"DOMContentLoaded\",function(){for(var e,t,s=l.querySelectorAll(\"iframe.wp-embedded-content\"),r=0;r<s.length;r++)(t=(e=s[r]).getAttribute(\"data-secret\"))||(t=Math.random().toString(36).substring(2,12),e.src+=\"#?secret=\"+t,e.setAttribute(\"data-secret\",t)),e.contentWindow.postMessage({message:\"ready\",secret:t},\"*\")},!1)))}(window,document);\n<\/script>\n","thumbnail_url":"https:\/\/periodicodialogo.cl\/wp\/wp-content\/uploads\/2024\/09\/pexels-cottonbro-7086006-edited-scaled.jpg","thumbnail_width":2560,"thumbnail_height":1440,"description":"El problema de las pensiones es solo la punta del iceberg entre una serie de otros factores en los que se ha avanzado muy poco para mejorar la situaci\u00f3n de las personas mayores de 60 a\u00f1os, grupo de poblaci\u00f3n que pronto superar\u00e1 a la ni\u00f1ez."}

Diálogo

Edadismo: una discriminación que aún no asumimos - Diálogo

<blockquote class="wp-embedded-content" data-secret="97blFENghh"><a href="https://periodicodialogo.cl/wp/2024/09/edadismo-una-discriminacion-que-aun-no-asumimos/">Edadismo: una discriminación que aún no asumimos</a></blockquote><iframe sandbox="allow-scripts" security="restricted" src="https://periodicodialogo.cl/wp/2024/09/edadismo-una-discriminacion-que-aun-no-asumimos/embed/#?secret=97blFENghh" width="600" height="338" title="&#8220;Edadismo: una discriminación que aún no asumimos&#8221; &#8212; Diálogo" data-secret="97blFENghh" frameborder="0" marginwidth="0" marginheight="0" scrolling="no" class="wp-embedded-content"></iframe><script>
/*! This file is auto-generated */
!function(d,l){"use strict";l.querySelector&&d.addEventListener&&"undefined"!=typeof URL&&(d.wp=d.wp||{},d.wp.receiveEmbedMessage||(d.wp.receiveEmbedMessage=function(e){var t=e.data;if((t||t.secret||t.message||t.value)&&!/[^a-zA-Z0-9]/.test(t.secret)){for(var s,r,n,a=l.querySelectorAll('iframe[data-secret="'+t.secret+'"]'),o=l.querySelectorAll('blockquote[data-secret="'+t.secret+'"]'),c=new RegExp("^https?:$","i"),i=0;i<o.length;i++)o[i].style.display="none";for(i=0;i<a.length;i++)s=a[i],e.source===s.contentWindow&&(s.removeAttribute("style"),"height"===t.message?(1e3<(r=parseInt(t.value,10))?r=1e3:~~r<200&&(r=200),s.height=r):"link"===t.message&&(r=new URL(s.getAttribute("src")),n=new URL(t.value),c.test(n.protocol))&&n.host===r.host&&l.activeElement===s&&(d.top.location.href=t.value))}},d.addEventListener("message",d.wp.receiveEmbedMessage,!1),l.addEventListener("DOMContentLoaded",function(){for(var e,t,s=l.querySelectorAll("iframe.wp-embedded-content"),r=0;r<s.length;r++)(t=(e=s[r]).getAttribute("data-secret"))||(t=Math.random().toString(36).substring(2,12),e.src+="#?secret="+t,e.setAttribute("data-secret",t)),e.contentWindow.postMessage({message:"ready",secret:t},"*")},!1)))}(window,document);
</script>

El problema de las pensiones es solo la punta del iceberg entre una serie de otros factores en los que se ha avanzado muy poco para mejorar la situación de las personas mayores de 60 años, grupo de población que pronto superará a la niñez.
