{"version":"1.0","provider_name":"Di\u00e1logo","provider_url":"https:\/\/periodicodialogo.cl\/wp","author_name":"Tania Merino","author_url":"https:\/\/periodicodialogo.cl\/wp\/author\/tania\/","title":"La salud mental en Bomberos - Di\u00e1logo","type":"rich","width":600,"height":338,"html":"<blockquote class=\"wp-embedded-content\" data-secret=\"C02sVTE0gF\"><a href=\"https:\/\/periodicodialogo.cl\/wp\/2023\/09\/la-salud-mental-en-bomberos\/\"><strong>La salud mental en Bomberos<\/strong><\/a><\/blockquote><iframe sandbox=\"allow-scripts\" security=\"restricted\" src=\"https:\/\/periodicodialogo.cl\/wp\/2023\/09\/la-salud-mental-en-bomberos\/embed\/#?secret=C02sVTE0gF\" width=\"600\" height=\"338\" title=\"&#8220;&lt;strong&gt;La salud mental en Bomberos&lt;\/strong&gt;&#8221; &#8212; Di\u00e1logo\" data-secret=\"C02sVTE0gF\" frameborder=\"0\" marginwidth=\"0\" marginheight=\"0\" scrolling=\"no\" class=\"wp-embedded-content\"><\/iframe><script>\n\/*! This file is auto-generated *\/\n!function(d,l){\"use strict\";l.querySelector&&d.addEventListener&&\"undefined\"!=typeof URL&&(d.wp=d.wp||{},d.wp.receiveEmbedMessage||(d.wp.receiveEmbedMessage=function(e){var t=e.data;if((t||t.secret||t.message||t.value)&&!\/[^a-zA-Z0-9]\/.test(t.secret)){for(var s,r,n,a=l.querySelectorAll('iframe[data-secret=\"'+t.secret+'\"]'),o=l.querySelectorAll('blockquote[data-secret=\"'+t.secret+'\"]'),c=new RegExp(\"^https?:$\",\"i\"),i=0;i<o.length;i++)o[i].style.display=\"none\";for(i=0;i<a.length;i++)s=a[i],e.source===s.contentWindow&&(s.removeAttribute(\"style\"),\"height\"===t.message?(1e3<(r=parseInt(t.value,10))?r=1e3:~~r<200&&(r=200),s.height=r):\"link\"===t.message&&(r=new URL(s.getAttribute(\"src\")),n=new URL(t.value),c.test(n.protocol))&&n.host===r.host&&l.activeElement===s&&(d.top.location.href=t.value))}},d.addEventListener(\"message\",d.wp.receiveEmbedMessage,!1),l.addEventListener(\"DOMContentLoaded\",function(){for(var e,t,s=l.querySelectorAll(\"iframe.wp-embedded-content\"),r=0;r<s.length;r++)(t=(e=s[r]).getAttribute(\"data-secret\"))||(t=Math.random().toString(36).substring(2,12),e.src+=\"#?secret=\"+t,e.setAttribute(\"data-secret\",t)),e.contentWindow.postMessage({message:\"ready\",secret:t},\"*\")},!1)))}(window,document);\n<\/script>\n","thumbnail_url":"https:\/\/periodicodialogo.cl\/wp\/wp-content\/uploads\/2023\/09\/332391956_212157558016926_1390946626979283396_n-edited.jpg","thumbnail_width":768,"thumbnail_height":432,"description":"En medio de la entrega que caracteriza a los bomberos, la salud mental es un tema cr\u00edtico que merece una atenci\u00f3n urgente. En un contexto de emergencias cada vez m\u00e1s traum\u00e1ticas, se hace evidente la necesidad de mayor respaldo para la instituci\u00f3n mejor evaluada por los chilenos."}

Diálogo

La salud mental en Bomberos - Diálogo

<blockquote class="wp-embedded-content" data-secret="C02sVTE0gF"><a href="https://periodicodialogo.cl/wp/2023/09/la-salud-mental-en-bomberos/"><strong>La salud mental en Bomberos</strong></a></blockquote><iframe sandbox="allow-scripts" security="restricted" src="https://periodicodialogo.cl/wp/2023/09/la-salud-mental-en-bomberos/embed/#?secret=C02sVTE0gF" width="600" height="338" title="&#8220;&lt;strong&gt;La salud mental en Bomberos&lt;/strong&gt;&#8221; &#8212; Diálogo" data-secret="C02sVTE0gF" frameborder="0" marginwidth="0" marginheight="0" scrolling="no" class="wp-embedded-content"></iframe><script>
/*! This file is auto-generated */
!function(d,l){"use strict";l.querySelector&&d.addEventListener&&"undefined"!=typeof URL&&(d.wp=d.wp||{},d.wp.receiveEmbedMessage||(d.wp.receiveEmbedMessage=function(e){var t=e.data;if((t||t.secret||t.message||t.value)&&!/[^a-zA-Z0-9]/.test(t.secret)){for(var s,r,n,a=l.querySelectorAll('iframe[data-secret="'+t.secret+'"]'),o=l.querySelectorAll('blockquote[data-secret="'+t.secret+'"]'),c=new RegExp("^https?:$","i"),i=0;i<o.length;i++)o[i].style.display="none";for(i=0;i<a.length;i++)s=a[i],e.source===s.contentWindow&&(s.removeAttribute("style"),"height"===t.message?(1e3<(r=parseInt(t.value,10))?r=1e3:~~r<200&&(r=200),s.height=r):"link"===t.message&&(r=new URL(s.getAttribute("src")),n=new URL(t.value),c.test(n.protocol))&&n.host===r.host&&l.activeElement===s&&(d.top.location.href=t.value))}},d.addEventListener("message",d.wp.receiveEmbedMessage,!1),l.addEventListener("DOMContentLoaded",function(){for(var e,t,s=l.querySelectorAll("iframe.wp-embedded-content"),r=0;r<s.length;r++)(t=(e=s[r]).getAttribute("data-secret"))||(t=Math.random().toString(36).substring(2,12),e.src+="#?secret="+t,e.setAttribute("data-secret",t)),e.contentWindow.postMessage({message:"ready",secret:t},"*")},!1)))}(window,document);
</script>

En medio de la entrega que caracteriza a los bomberos, la salud mental es un tema crítico que merece una atención urgente. En un contexto de emergencias cada vez más traumáticas, se hace evidente la necesidad de mayor respaldo para la institución mejor evaluada por los chilenos.
